 be (13 - 16) + 6/2. Suppose c - 2*c = 3*g - 6, l = 3*c - 4*g - 18. Suppose -c*v = -12 - 18. What is the units digit of v?
5
Let p(h) be the first derivative of 14*h**3/3 + 5*h**2 - 31*h - 176. What is the tens digit of p(6)?
3
Suppose 0 = s - 4*j - 43, 0 = -5*s - 0*j - j + 110. Suppose 0 = -4*o - 20, f + 4*o = -o - s. What is the tens digit of ((-440)/(-32))/(f/8)?
5
Let d be ((-4)/(-2) - 3)*-174. Let c(a) = 2*a**3 - 47*a**2 + 24*a - 23. Let o be c(23). Let y = d - o. What is the units digit of y?
4
Let h(n) = 10*n**2 - 4*n - 24. Let d be h(-15). Suppose -7*l = -d - 794. What is the hundreds digit of l?
4
Let z = 5 - 311. Let g = z + -130. Let j = g - -663. What is the units digit of j?
7
Let y = 26 + -59. Let u = -29 - y. Suppose 3*r = u*r - v - 199, 4*r - 3*v = 792. What is the units digit of r?
5
Let i = -389 - -577. Suppose -5*z - i = -2*x, 22 - 434 = -4*x + z. What is the tens digit of x?
0
What is the tens digit of (57/(-5))/(3580/900 - 4)?
1
Let s be 2 + -1 + (-35)/(-7) + -4. Suppose s*f + f = 4*r + 2516, -5*r = -3*f + 2518. What is the hundreds digit of f?
8
Let q(z) be the third derivative of 23*z**5/4 - z**4/8 + z**3/6 - 23*z**2 + 2*z. What is the tens digit of q(1)?
4
Let g be 13 - (-4 - -2 - -3). Suppose 105 = 3*m - g. What is the units digit of (m - 2) + (0 - -3)?
0
Suppose 4*y = -2*d + 14, -3*y + d = -3*d + 6. Let o be 0 + 16 - (-1 - 2). Let r = y + o. What is the tens digit of r?
2
Let z be -30*7/(210/(-24)). Suppose -7*b = -z*b + 4080. What is the tens digit of b?
4
Suppose -38 = 5*y - 8. Let s(n) = n + 11. Let g be s(y). Suppose 0 = -g*i - 3*r + 63, -3 = -2*i + 5*r + 16. What is the units digit of i?
2
Suppose -64 = 4*s - 0. What is the tens digit of s + 9 - (-463 + -3)?
5
Suppose 6393 + 1875 = 28*v - 2*v. Suppose 516 = -0*w - 4*w. Let a = v + w. What is the units digit of a?
9
Suppose 5*t - t + 80 = 0. What is the tens digit of 4/(-5)*t/8*116?
3
Let q(i) = -16*i + 49. Let t be q(4). Let b(j) = j**3 + 19*j**2 + 22*j + 1. What is the units digit of b(t)?
1
Suppose 2*n = 3*j - 347, 4*j - 3*n - 202 = 260. Let f = j + -26. What is the tens digit of f?
9
Suppose 2246 = 2*l - 6*i - 2030, 5*l = 3*i + 10690. What is the hundreds digit of l?
1
Let b(l) = 3865*l + 52. What is the tens digit of b(3)?
4
Let f(a) = a**3 + 5*a**2 - 27*a + 3. Let k be f(-8). Suppose k*d + 2760 = 35*d. What is the hundreds digit of d?
3
Suppose -w + 0*u - 8*u + 24367 = 0, 0 = -5*w + u + 122122. What is the ten thousands digit of w?
2
Let h(u) = -2*u**3 + 58*u**2 + 39*u - 62. Suppose -6*f + 171 = -3. What is the thousands digit of h(f)?
1
Let a(h) = -4220*h - 104. What is the hundreds digit of a(-3)?
5
Suppose 5*d - y = 13, 0 = 4*d + 4*y - 2*y - 2. Suppose q - d*g - 8 - 200 = 0, q + 4*g = 220. Let o = q + -141. What is the tens digit of o?
7
What is the hundreds digit of (-357 + 54)/(9/(-3))?
1
Let k = 2752 - 3903. Let t = -356 - k. What is the tens digit of t?
9
Let w(d) = 315*d**3 - 7*d**2 + 21*d - 44. What is the thousands digit of w(3)?
8
Let q = -92 - -44. Suppose 3*y = o - 228, 60 = -y + 3*o - 24. Let j = q - y. What is the units digit of j?
7
Suppose -5*z + 5 = -0*z + 5*s, 4*z - 31 = 5*s. Suppose z*l - 1767 = l. What is the units digit of l?
9
Suppose -4*d - 5*z = 287, -2*d + 4*d + 145 = -3*z. Let h = 70 + d. Suppose 44 = -h*b + 418. What is the units digit of b?
7
What is the hundreds digit of (-10128)/(-20) + (-6)/(-10)?
5
Let p(i) = 38*i - 58 + 36*i - 68*i. Let v be p(18). Let b = 165 - v. What is the tens digit of b?
1
Suppose r + r - 10 = 0, 76 = 3*x + 5*r. Let w be ((-20)/(-40))/((-2)/(-48)). What is the tens digit of 2820/x - w/(-102)?
6
Let w(o) = 5*o**2 + 11*o - 23. Let d = -36 + 43. Let i be w(d). Suppose 5*b - 211 = i. What is the units digit of b?
2
Suppose 5*d - c - 3720 = 0, 230 - 3200 = -4*d + 2*c. Let y = -168 + d. What is the hundreds digit of y?
5
Let l(a) = -37*a**3 - 11*a - 48. What is the hundreds digit of l(-6)?
0
What is the thousands digit of 1069/(-2138) - (-72965)/2?
6
Let c(p) = -10*p + 30. Suppose m - 2 = 0, m = 2*k + 2*k - 270. Let a = k + -76. What is the units digit of c(a)?
0
Suppose 8*x = 7*x + 4. Suppose -8*r + 16 = -x*r. Suppose -y + 1030 = r*y. What is the tens digit of y?
0
Let l = -15132 - -21464. What is the tens digit of l?
3
Suppose 56*p = -12*p + 501617 + 200891. What is the thousands digit of p?
0
Let m be ((-2996)/6)/(-7) - (-2)/(-6). Suppose -s - u = -m, -s - u - 145 = -3*s. Let y = s - 39. What is the tens digit of y?
3
Let y = 64 + -51. Suppose 0 = a + y*a. Suppose 2*l - 88 = -4*i, -5*l = 5*i - a*i - 230. What is the units digit of l?
8
Let q = 33352 - 20479. What is the thousands digit of q?
2
Let p be 879/4*13/((-312)/(-64)). Let i = p - -1416. What is the thousands digit of i?
2
Suppose 26 + 19 = 5*n. Let g(i) = -n + 0*i**2 - i**2 - 12*i + 2*i**2. What is the tens digit of g(15)?
3
Suppose -282 = 15*g + 32*g. Let k(z) = 7*z + 2*z**2 - 10 + 2*z**2 + 3. What is the tens digit of k(g)?
9
Let k(j) be the third derivative of -8*j**4/3 - 31*j**3/2 + 65*j**2. What is the units digit of k(-10)?
7
Let s = 10646 - 8772. What is the units digit of s?
4
Let j = 34 + -32. Suppose -d - j = -4. Suppose -4*c + 235 = -m, -d*c - 4*m + 63 = -c. What is the tens digit of c?
5
Let g be (-5)/(-2) - 11/(-44)*6. Let s(j) = -j + 4*j**3 - 6*j**3 - 2 + 4*j**3 + 6*j**2. What is the tens digit of s(g)?
1
Suppose -n + 466 = -1122. Suppose -6*p = -3728 - n. What is the hundreds digit of p?
8
Let y(w) = 2*w**3 - 10*w**2 - 9*w - 5. Let u be y(8). Let a = u + -290. What is the units digit of a?
7
Let k(i) = -2*i**3 - 12*i**2 - 13*i + 15. Let g be k(-7). Let v = -87 + g. Suppose 2*t + 3*u - v = 120, 10 = 2*u. What is the tens digit of t?
1
Let t(z) = 1087*z - 2453. What is the ten thousands digit of t(14)?
1
Let h(p) = 14*p**2 - 66*p + 1103. What is the thousands digit of h(24)?
7
Suppose -28858 = 213*n - 119*n. Let w = 170 + -334. Let z = w - n. What is the units digit of z?
3
Let p(q) = q**3 + 23*q**2 - 107*q + 38. Let j be p(-27). Let f(n) = n**3 - n**2 + 1. Let h be f(-1). Let d = j - h. What is the units digit of d?
2
Suppose 5*f - 15 = 0, -2*g + f + 0*f = -7. Let o be (-12)/g*(-80)/12. What is the units digit of 4/(o/(-204))*-2?
2
Let b = -8793 - -8796. Let q(k) = 5*k**2 - 2 + 2*k**2 - 4*k - 2. What is the units digit of q(b)?
7
Suppose 440 = 8*g + 6360. Let i = 1254 + g. What is the tens digit of i?
1
Suppose u = -0*u + 14. Suppose k + k = u. What is the tens digit of ((-30)/k)/(1/(-7) + 0)?
3
Suppose 0*l + 5*g = -4*l - 127, 5*l + g + 143 = 0. What is the hundreds digit of (-6678)/l*2/3?
1
Suppose 3*g - 3*i - 7713 = 0, 0*g + 4*g = 2*i + 10290. Suppose 13*h - 19*h = -g. What is the tens digit of h?
2
Suppose 26 - 92 = -2*z. Suppose -14*d + z = 5. What is the units digit of d?
2
Suppose -4590002 + 1393907 = -209*f + 2324431. What is the units digit of f?
4
Let v(t) = t**3 - 9*t + 3 + 14*t**3 - 1 + 12*t**2 - 5*t**3. What is the units digit of v(5)?
7
Let s = -8 - 2. Let w be 3/(-4)*(-40)/s. What is the units digit of (-5 - -4)/(w/111)?
7
Suppose -2*g - 3276*w + 86018 = -3279*w, -4*g + 172084 = 2*w. What is the units digit of g?
8
Let r = -369 - -177. What is the units digit of (34/3 + 2)*r/(-10)?
6
Let z(j) = 8*j - 85. Let u be z(11). Suppose 3*s - b - 1080 = -5*b, 0 = 5*s - u*b - 1800. What is the hundreds digit of s?
3
Let j be 387/(-2)*(-40)/30. Let c = -18 + j. What is the tens digit of c?
4
Suppose -3*s - 13 = 8*t - 12*t, 4*s = 3*t - 8. Suppose 13*d = h + 10*d - 436, 0 = t*h - d - 1722. What is the tens digit of h?
3
Let y = -2049 + 3263. Suppose 7*a - 4491 = y. What is the tens digit of a?
1
Let i(f) be the second derivative of -f**5/60 - 2*f**4/3 + 7*f**3/6 - 11*f**2 - 16*f. Let b(p) be the first derivative of i(p). What is the tens digit of b(-8)?
7
Suppose p = 4 - 0. Suppose -3*d = t - 173 + 150, 3*t = 4*d - 9. Suppose -t*s = 2*l - 30, -3*l + 25 = s + p*s. What is the units digit of s?
8
Suppose -113*g + 117*g = -140. Let p = g + 358. Suppose 5*b = -i + p, -2*b - 2*i = -104 - 22. What is the units digit of b?
5
Let g = 6049 + 2376. What is the hundreds digit of g?
4
Suppose 7*r + 10 = 38. What is the units digit of 7052/(-123)*(-6)/r?
6
Let q(w) = w**3 - 6*w**2 + 8*w - 12. Let d be q(5). Suppose -z = z - d*f - 460, -f +